{"id":150,"date":"2021-12-07T03:33:22","date_gmt":"2021-12-07T02:33:22","guid":{"rendered":"https:\/\/proelbup.pl\/?page_id=150"},"modified":"2021-12-07T03:58:43","modified_gmt":"2021-12-07T02:58:43","slug":"o-nas","status":"publish","type":"page","link":"https:\/\/proelbup.pl\/?page_id=150","title":{"rendered":"O nas"},"content":{"rendered":"<div data-colibri-id=\"150-c1\" class=\"style-411 style-local-150-c1 position-relative\">\n  <!---->\n  <div data-colibri-component=\"section\" data-colibri-id=\"150-c6\" id=\"custom\" class=\"h-section h-section-global-spacing d-flex align-items-lg-center align-items-md-center align-items-center style-416 style-local-150-c6 position-relative\">\n    <!---->\n    <div class=\"h-separator\" style=\"height: 100px; top: calc(0px);\">\n      <svg style=\"fill:#303e7a;transform:rotateX(180deg);\" xmlns=\"http:\/\/www.w3.org\/2000\/svg\" viewBox=\"0 0 1000 100\" preserveAspectRatio=\"none\">\n        <path class=\"svg-white-bg\" d=\"M737.9,94.7L0,0v100h1000V0L737.9,94.7z\"><\/path>\n      <\/svg>\n    <\/div>\n    <div class=\"h-separator\" style=\"height: 100px; bottom: calc(0px);\">\n      <svg style=\"fill:#303e7a;\" xmlns=\"http:\/\/www.w3.org\/2000\/svg\" viewBox=\"0 0 1000 100\" preserveAspectRatio=\"none\">\n        <path class=\"svg-white-bg\" d=\"M737.9,94.7L0,0v100h1000V0L737.9,94.7z\"><\/path>\n      <\/svg>\n    <\/div>\n    <div class=\"h-section-grid-container h-section-boxed-container\">\n      <!---->\n      <div data-colibri-id=\"150-c7\" class=\"h-row-container gutters-row-lg-2 gutters-row-md-2 gutters-row-0 gutters-row-v-lg-2 gutters-row-v-md-2 gutters-row-v-2 style-417 style-local-150-c7 position-relative\">\n        <!---->\n        <div class=\"h-row justify-content-lg-center justify-content-md-center justify-content-center align-items-lg-stretch align-items-md-stretch align-items-stretch gutters-col-lg-2 gutters-col-md-2 gutters-col-0 gutters-col-v-lg-2 gutters-col-v-md-2 gutters-col-v-2\">\n          <!---->\n          <div class=\"h-column h-column-container d-flex h-col-lg-auto h-col-md-auto h-col-auto style-418-outer style-local-150-c8-outer\">\n            <div data-colibri-id=\"150-c8\" class=\"d-flex h-flex-basis h-column__inner h-px-lg-2 h-px-md-2 h-px-2 v-inner-lg-2 v-inner-md-2 v-inner-2 style-418 style-local-150-c8 position-relative\">\n              <!---->\n              <!---->\n              <div class=\"w-100 h-y-container h-column__content h-column__v-align flex-basis-100 align-self-lg-start align-self-md-start align-self-start\">\n                <!---->\n                <div data-colibri-id=\"150-c9\" class=\"h-lead h-text h-text-component style-419 style-local-150-c9 position-relative h-element\">\n                  <!---->\n                  <!---->\n                  <div class=\"\">\n                    <p>PROEL BIURO US\u0141UG PROJEKTOWYCH jako pracownia autorska Architekt El\u017cbiety Nowak-Krzywa\u0144skiej powsta\u0142a z mi\u0142o\u015bci do architektury w 1993 r. Zesp\u00f3\u0142 nasz tworz\u0105 wykwalifikowani projektanci in\u017cynierowie i architekci, kt\u00f3rzy pobrali edukacj\u0119\n                      na presti\u017cowych uczelniach w kraju i za granic\u0105. Naszym priorytetem jest dostarczenie wysokiej jako\u015bci projekt\u00f3w, dzi\u0119ki oryginalnym i inteligentnym rozwi\u0105zaniom. Wraz z Klientem opracowujemy indywidualny plan, kt\u00f3ry na bazie wypracowanego\n                      przez nas procesu, stopniowo staje si\u0119 realizacj\u0105 marze\u0144 lub biznesowych cel\u00f3w.<\/p>\n                    <p>\n                      <br>\n                    <\/p>\n                    <p>Firma PROEL B.U.P. opracowuje projekty wszelkich inwestycji w przemy\u015ble, us\u0142ugach, budownictwie mieszkaniowym wielorodzinnym i jednorodzinnym, oferuj\u0105c wykonanie projekt\u00f3w pocz\u0105wszy od pierwszej koncepcji architektury, poprzez kompleksowe\n                      projekty techniczne wymaganych opracowa\u0144 bran\u017cowych, do projekt\u00f3w ma\u0142ej architektury i zieleni otaczaj\u0105cej przysz\u0142y obiekt. <\/p>\n                    <p>Estetyczna, funkcjonalna i pe\u0142na harmonii przestrze\u0144 do \u017cycia. Klimatyczne, komfortowe, zgodne z oczekiwaniami mieszka\u0144c\u00f3w \u2013 w\u0142asne miejsce. To w\u0142a\u015bnie tym si\u0119 zajmujemy. Tworzymy architektur\u0119 i projektujemy wn\u0119trza. Jeste\u015bmy zespo\u0142em\n                      architekt\u00f3w ze Szczecina, dla kt\u00f3rych kszta\u0142t, materia\u0142, struktura i \u015bwiat\u0142o maj\u0105 ogromne znaczenie. Pragniemy, by ka\u017cdy czu\u0142 si\u0119 dobrze w swoim najbli\u017cszym otoczeniu.<\/p>\n                    <p>\n                      <br>\n                    <\/p>\n                    <p>Zajmujemy si\u0119 wszelkimi formalno\u015bciami, od kt\u00f3rych prawo pozwala nam odci\u0105\u017cy\u0107 Inwestora w ca\u0142ym procesie prowadz\u0105cym do otrzymania pozwolenia na budow\u0119. <\/p>\n                    <p>Wsp\u00f3\u0142pracujemy z profesjonalnymi ekipami budowlanymi i firmami bran\u017cowymi. Projektowanie dom\u00f3w i aran\u017cacja wn\u0119trz to nasza pasja za\u015b projekty przemys\u0142owe to fantastyczne wyzwania, sprostanie im to ogromna satysfakcja. Nasz\u0105 inspiracj\u0105\n                      jest za\u015b Klient i jego indywidualne oczekiwania\u2026<\/p>\n                    <p>Firma PROEL BIURO US\u0141UG PROJEKTOWYCH El\u017cbieta Nowak-Krzywa\u0144ska oferuje kompleksow\u0105 us\u0142ug\u0119 w za\u0142atwianiu spraw formalnych do pozwolenia na budow\u0119, a tak\u017ce nadzory autorskie oraz oddanie obiekt\u00f3w do u\u017cytkowania, kt\u00f3ra to us\u0142uga coraz\n                      cz\u0119\u015bciej spotyka si\u0119 z zainteresowaniem rynku inwestorskiego.<\/p>\n                    <p>\n                      <br>\n                    <\/p>\n                    <p>Zaw\u00f3d Architekt to brzmi dumnie ale zdajemy sobie spraw\u0119, \u017ce jest to r\u00f3wnie\u017c zaw\u00f3d zaufania publicznego. Zaufanie klienta i nasza odpowiedzialno\u015b\u0107 za powierzone nam zadania to dla nas najwa\u017cniejsze warto\u015bci w pracy.<\/p>\n                    <p>\n                      <br>\n                    <\/p>\n                    <p>Sukces nie jest dzie\u0142em przypadku, kieruj\u0105c si\u0119 t\u0105 dewiz\u0105 zle\u0107 opracowanie Twojej Inwestycji profesjonalistom z firmy PROEL BIURO US\u0141UG PROJEKTOWYCH El\u017cbiety Nowak-Krzywa\u0144skiej.<\/p>\n                    <p>\n                      <br>\n                    <\/p>\n                  <\/div>\n                <\/div>\n              <\/div>\n            <\/div>\n          <\/div>\n        <\/div>\n      <\/div>\n    <\/div>\n  <\/div>\n<\/div>","protected":false},"excerpt":{"rendered":"<p>PROEL BIURO US\u0141UG PROJEKTOWYCH jako pracownia autorska Architekt El\u017cbiety Nowak-Krzywa\u0144skiej powsta\u0142a z mi\u0142o\u015bci do architektury w 1993 r. Zesp\u00f3\u0142 nasz tworz\u0105 wykwalifikowani projektanci in\u017cynierowie i architekci, kt\u00f3rzy pobrali edukacj\u0119 na presti\u017cowych uczelniach w kraju i za granic\u0105. Naszym priorytetem jest dostarczenie wysokiej jako\u015bci projekt\u00f3w, dzi\u0119ki oryginalnym i inteligentnym rozwi\u0105zaniom. Wraz z Klientem opracowujemy indywidualny plan, [&hellip;]<\/p>\n","protected":false},"author":1,"featured_media":0,"parent":0,"menu_order":0,"comment_status":"closed","ping_status":"closed","template":"page-templates\/full-width-page.php","meta":[],"yoast_head":"<!-- This site is optimized with the Yoast SEO plugin v17.7.1 - https:\/\/yoast.com\/wordpress\/plugins\/seo\/ -->\n<title>O nas - \u2b24PROEL Biuro Us\u0142ug Projektowych El\u017cbieta Nowak-Krzywa\u0144ska<\/title>\n<meta name=\"robots\" content=\"index, follow, max-snippet:-1, max-image-preview:large, max-video-preview:-1\" \/>\n<link rel=\"canonical\" href=\"https:\/\/proelbup.pl\/?page_id=150\" \/>\n<meta property=\"og:locale\" content=\"pl_PL\" \/>\n<meta property=\"og:type\" content=\"article\" \/>\n<meta property=\"og:title\" content=\"O nas - \u2b24PROEL Biuro Us\u0142ug Projektowych El\u017cbieta Nowak-Krzywa\u0144ska\" \/>\n<meta property=\"og:description\" content=\"PROEL BIURO US\u0141UG PROJEKTOWYCH jako pracownia autorska Architekt El\u017cbiety Nowak-Krzywa\u0144skiej powsta\u0142a z mi\u0142o\u015bci do architektury w 1993 r. Zesp\u00f3\u0142 nasz tworz\u0105 wykwalifikowani projektanci in\u017cynierowie i architekci, kt\u00f3rzy pobrali edukacj\u0119 na presti\u017cowych uczelniach w kraju i za granic\u0105. Naszym priorytetem jest dostarczenie wysokiej jako\u015bci projekt\u00f3w, dzi\u0119ki oryginalnym i inteligentnym rozwi\u0105zaniom. Wraz z Klientem opracowujemy indywidualny plan, [&hellip;]\" \/>\n<meta property=\"og:url\" content=\"https:\/\/proelbup.pl\/?page_id=150\" \/>\n<meta property=\"og:site_name\" content=\"\u2b24PROEL Biuro Us\u0142ug Projektowych El\u017cbieta Nowak-Krzywa\u0144ska\" \/>\n<meta property=\"article:modified_time\" content=\"2021-12-07T02:58:43+00:00\" \/>\n<meta name=\"twitter:card\" content=\"summary_large_image\" \/>\n<meta name=\"twitter:label1\" content=\"Szacowany czas czytania\" \/>\n\t<meta name=\"twitter:data1\" content=\"2 minuty\" \/>\n<script type=\"application\/ld+json\" class=\"yoast-schema-graph\">{\"@context\":\"https:\/\/schema.org\",\"@graph\":[{\"@type\":\"WebSite\",\"@id\":\"https:\/\/proelbup.pl\/#website\",\"url\":\"https:\/\/proelbup.pl\/\",\"name\":\"\\u2b24PROEL Biuro Us\\u0142ug Projektowych El\\u017cbieta Nowak-Krzywa\\u0144ska\",\"description\":\"Biuro Us\\u0142ug Projektowych\",\"potentialAction\":[{\"@type\":\"SearchAction\",\"target\":{\"@type\":\"EntryPoint\",\"urlTemplate\":\"https:\/\/proelbup.pl\/?s={search_term_string}\"},\"query-input\":\"required name=search_term_string\"}],\"inLanguage\":\"pl-PL\"},{\"@type\":\"WebPage\",\"@id\":\"https:\/\/proelbup.pl\/?page_id=150#webpage\",\"url\":\"https:\/\/proelbup.pl\/?page_id=150\",\"name\":\"O nas - \\u2b24PROEL Biuro Us\\u0142ug Projektowych El\\u017cbieta Nowak-Krzywa\\u0144ska\",\"isPartOf\":{\"@id\":\"https:\/\/proelbup.pl\/#website\"},\"datePublished\":\"2021-12-07T02:33:22+00:00\",\"dateModified\":\"2021-12-07T02:58:43+00:00\",\"breadcrumb\":{\"@id\":\"https:\/\/proelbup.pl\/?page_id=150#breadcrumb\"},\"inLanguage\":\"pl-PL\",\"potentialAction\":[{\"@type\":\"ReadAction\",\"target\":[\"https:\/\/proelbup.pl\/?page_id=150\"]}]},{\"@type\":\"BreadcrumbList\",\"@id\":\"https:\/\/proelbup.pl\/?page_id=150#breadcrumb\",\"itemListElement\":[{\"@type\":\"ListItem\",\"position\":1,\"name\":\"Home\",\"item\":\"https:\/\/proelbup.pl\/\"},{\"@type\":\"ListItem\",\"position\":2,\"name\":\"O nas\"}]}]}<\/script>\n<!-- \/ Yoast SEO plugin. -->","yoast_head_json":{"title":"O nas - \u2b24PROEL Biuro Us\u0142ug Projektowych El\u017cbieta Nowak-Krzywa\u0144ska","robots":{"index":"index","follow":"follow","max-snippet":"max-snippet:-1","max-image-preview":"max-image-preview:large","max-video-preview":"max-video-preview:-1"},"canonical":"https:\/\/proelbup.pl\/?page_id=150","og_locale":"pl_PL","og_type":"article","og_title":"O nas - \u2b24PROEL Biuro Us\u0142ug Projektowych El\u017cbieta Nowak-Krzywa\u0144ska","og_description":"PROEL BIURO US\u0141UG PROJEKTOWYCH jako pracownia autorska Architekt El\u017cbiety Nowak-Krzywa\u0144skiej powsta\u0142a z mi\u0142o\u015bci do architektury w 1993 r. Zesp\u00f3\u0142 nasz tworz\u0105 wykwalifikowani projektanci in\u017cynierowie i architekci, kt\u00f3rzy pobrali edukacj\u0119 na presti\u017cowych uczelniach w kraju i za granic\u0105. Naszym priorytetem jest dostarczenie wysokiej jako\u015bci projekt\u00f3w, dzi\u0119ki oryginalnym i inteligentnym rozwi\u0105zaniom. Wraz z Klientem opracowujemy indywidualny plan, [&hellip;]","og_url":"https:\/\/proelbup.pl\/?page_id=150","og_site_name":"\u2b24PROEL Biuro Us\u0142ug Projektowych El\u017cbieta Nowak-Krzywa\u0144ska","article_modified_time":"2021-12-07T02:58:43+00:00","twitter_card":"summary_large_image","twitter_misc":{"Szacowany czas czytania":"2 minuty"},"schema":{"@context":"https:\/\/schema.org","@graph":[{"@type":"WebSite","@id":"https:\/\/proelbup.pl\/#website","url":"https:\/\/proelbup.pl\/","name":"\u2b24PROEL Biuro Us\u0142ug Projektowych El\u017cbieta Nowak-Krzywa\u0144ska","description":"Biuro Us\u0142ug Projektowych","potentialAction":[{"@type":"SearchAction","target":{"@type":"EntryPoint","urlTemplate":"https:\/\/proelbup.pl\/?s={search_term_string}"},"query-input":"required name=search_term_string"}],"inLanguage":"pl-PL"},{"@type":"WebPage","@id":"https:\/\/proelbup.pl\/?page_id=150#webpage","url":"https:\/\/proelbup.pl\/?page_id=150","name":"O nas - \u2b24PROEL Biuro Us\u0142ug Projektowych El\u017cbieta Nowak-Krzywa\u0144ska","isPartOf":{"@id":"https:\/\/proelbup.pl\/#website"},"datePublished":"2021-12-07T02:33:22+00:00","dateModified":"2021-12-07T02:58:43+00:00","breadcrumb":{"@id":"https:\/\/proelbup.pl\/?page_id=150#breadcrumb"},"inLanguage":"pl-PL","potentialAction":[{"@type":"ReadAction","target":["https:\/\/proelbup.pl\/?page_id=150"]}]},{"@type":"BreadcrumbList","@id":"https:\/\/proelbup.pl\/?page_id=150#breadcrumb","itemListElement":[{"@type":"ListItem","position":1,"name":"Home","item":"https:\/\/proelbup.pl\/"},{"@type":"ListItem","position":2,"name":"O nas"}]}]}},"_links":{"self":[{"href":"https:\/\/proelbup.pl\/index.php?rest_route=\/wp\/v2\/pages\/150"}],"collection":[{"href":"https:\/\/proelbup.pl\/index.php?rest_route=\/wp\/v2\/pages"}],"about":[{"href":"https:\/\/proelbup.pl\/index.php?rest_route=\/wp\/v2\/types\/page"}],"author":[{"embeddable":true,"href":"https:\/\/proelbup.pl\/index.php?rest_route=\/wp\/v2\/users\/1"}],"replies":[{"embeddable":true,"href":"https:\/\/proelbup.pl\/index.php?rest_route=%2Fwp%2Fv2%2Fcomments&post=150"}],"version-history":[{"count":4,"href":"https:\/\/proelbup.pl\/index.php?rest_route=\/wp\/v2\/pages\/150\/revisions"}],"predecessor-version":[{"id":167,"href":"https:\/\/proelbup.pl\/index.php?rest_route=\/wp\/v2\/pages\/150\/revisions\/167"}],"wp:attachment":[{"href":"https:\/\/proelbup.pl\/index.php?rest_route=%2Fwp%2Fv2%2Fmedia&parent=150"}],"curies":[{"name":"wp","href":"https:\/\/api.w.org\/{rel}","templated":true}]}}

<div data-colibri-id="150-c1" class="style-411 style-local-150-c1 position-relative">
  <!---->
  <div data-colibri-component="section" data-colibri-id="150-c6" id="custom" class="h-section h-section-global-spacing d-flex align-items-lg-center align-items-md-center align-items-center style-416 style-local-150-c6 position-relative">
    <!---->
    <div class="h-separator" style="height: 100px; top: calc(0px);">
      <svg style="fill:#303e7a;transform:rotateX(180deg);" xmlns="http://www.w3.org/2000/svg" viewBox="0 0 1000 100" preserveAspectRatio="none">
        <path class="svg-white-bg" d="M737.9,94.7L0,0v100h1000V0L737.9,94.7z"></path>
      </svg>
    </div>
    <div class="h-separator" style="height: 100px; bottom: calc(0px);">
      <svg style="fill:#303e7a;" xmlns="http://www.w3.org/2000/svg" viewBox="0 0 1000 100" preserveAspectRatio="none">
        <path class="svg-white-bg" d="M737.9,94.7L0,0v100h1000V0L737.9,94.7z"></path>
      </svg>
    </div>
    <div class="h-section-grid-container h-section-boxed-container">
      <!---->
      <div data-colibri-id="150-c7" class="h-row-container gutters-row-lg-2 gutters-row-md-2 gutters-row-0 gutters-row-v-lg-2 gutters-row-v-md-2 gutters-row-v-2 style-417 style-local-150-c7 position-relative">
        <!---->
        <div class="h-row justify-content-lg-center justify-content-md-center justify-content-center align-items-lg-stretch align-items-md-stretch align-items-stretch gutters-col-lg-2 gutters-col-md-2 gutters-col-0 gutters-col-v-lg-2 gutters-col-v-md-2 gutters-col-v-2">
          <!---->
          <div class="h-column h-column-container d-flex h-col-lg-auto h-col-md-auto h-col-auto style-418-outer style-local-150-c8-outer">
            <div data-colibri-id="150-c8" class="d-flex h-flex-basis h-column__inner h-px-lg-2 h-px-md-2 h-px-2 v-inner-lg-2 v-inner-md-2 v-inner-2 style-418 style-local-150-c8 position-relative">
              <!---->
              <!---->
              <div class="w-100 h-y-container h-column__content h-column__v-align flex-basis-100 align-self-lg-start align-self-md-start align-self-start">
                <!---->
                <div data-colibri-id="150-c9" class="h-lead h-text h-text-component style-419 style-local-150-c9 position-relative h-element">
                  <!---->
                  <!---->
                  <div class="">
                    <p>PROEL BIURO USŁUG PROJEKTOWYCH jako pracownia autorska Architekt Elżbiety Nowak-Krzywańskiej powstała z miłości do architektury w 1993 r. Zespół nasz tworzą wykwalifikowani projektanci inżynierowie i architekci, którzy pobrali edukację
                      na prestiżowych uczelniach w kraju i za granicą. Naszym priorytetem jest dostarczenie wysokiej jakości projektów, dzięki oryginalnym i inteligentnym rozwiązaniom. Wraz z Klientem opracowujemy indywidualny plan, który na bazie wypracowanego
                      przez nas procesu, stopniowo staje się realizacją marzeń lub biznesowych celów.</p>
                    <p>
                      <br>
                    </p>
                    <p>Firma PROEL B.U.P. opracowuje projekty wszelkich inwestycji w przemyśle, usługach, budownictwie mieszkaniowym wielorodzinnym i jednorodzinnym, oferując wykonanie projektów począwszy od pierwszej koncepcji architektury, poprzez kompleksowe
                      projekty techniczne wymaganych opracowań branżowych, do projektów małej architektury i zieleni otaczającej przyszły obiekt. </p>
                    <p>Estetyczna, funkcjonalna i pełna harmonii przestrzeń do życia. Klimatyczne, komfortowe, zgodne z oczekiwaniami mieszkańców – własne miejsce. To właśnie tym się zajmujemy. Tworzymy architekturę i projektujemy wnętrza. Jesteśmy zespołem
                      architektów ze Szczecina, dla których kształt, materiał, struktura i światło mają ogromne znaczenie. Pragniemy, by każdy czuł się dobrze w swoim najbliższym otoczeniu.</p>
                    <p>
                      <br>
                    </p>
                    <p>Zajmujemy się wszelkimi formalnościami, od których prawo pozwala nam odciążyć Inwestora w całym procesie prowadzącym do otrzymania pozwolenia na budowę. </p>
                    <p>Współpracujemy z profesjonalnymi ekipami budowlanymi i firmami branżowymi. Projektowanie domów i aranżacja wnętrz to nasza pasja zaś projekty przemysłowe to fantastyczne wyzwania, sprostanie im to ogromna satysfakcja. Naszą inspiracją
                      jest zaś Klient i jego indywidualne oczekiwania…</p>
                    <p>Firma PROEL BIURO USŁUG PROJEKTOWYCH Elżbieta Nowak-Krzywańska oferuje kompleksową usługę w załatwianiu spraw formalnych do pozwolenia na budowę, a także nadzory autorskie oraz oddanie obiektów do użytkowania, która to usługa coraz
                      częściej spotyka się z zainteresowaniem rynku inwestorskiego.</p>
                    <p>
                      <br>
                    </p>
                    <p>Zawód Architekt to brzmi dumnie ale zdajemy sobie sprawę, że jest to również zawód zaufania publicznego. Zaufanie klienta i nasza odpowiedzialność za powierzone nam zadania to dla nas najważniejsze wartości w pracy.</p>
                    <p>
                      <br>
                    </p>
                    <p>Sukces nie jest dziełem przypadku, kierując się tą dewizą zleć opracowanie Twojej Inwestycji profesjonalistom z firmy PROEL BIURO USŁUG PROJEKTOWYCH Elżbiety Nowak-Krzywańskiej.</p>
                    <p>
                      <br>
                    </p>
                  </div>
                </div>
              </div>
            </div>
          </div>
        </div>
      </div>
    </div>
  </div>
</div>

<p>PROEL BIURO USŁUG PROJEKTOWYCH jako pracownia autorska Architekt Elżbiety Nowak-Krzywańskiej powstała z miłości do architektury w 1993 r. Zespół nasz tworzą wykwalifikowani projektanci inżynierowie i architekci, którzy pobrali edukację na prestiżowych uczelniach w kraju i za granicą. Naszym priorytetem jest dostarczenie wysokiej jakości projektów, dzięki oryginalnym i inteligentnym rozwiązaniom. Wraz z Klientem opracowujemy indywidualny plan, [&hellip;]</p>

<!-- This site is optimized with the Yoast SEO plugin v17.7.1 - https://yoast.com/wordpress/plugins/seo/ -->
<title>O nas - ⬤PROEL Biuro Usług Projektowych Elżbieta Nowak-Krzywańska</title>
<meta name="robots" content="index, follow, max-snippet:-1, max-image-preview:large, max-video-preview:-1" />
<link rel="canonical" href="https://proelbup.pl/?page_id=150" />
<meta property="og:locale" content="pl_PL" />
<meta property="og:type" content="article" />
<meta property="og:title" content="O nas - ⬤PROEL Biuro Usług Projektowych Elżbieta Nowak-Krzywańska" />
<meta property="og:description" content="PROEL BIURO USŁUG PROJEKTOWYCH jako pracownia autorska Architekt Elżbiety Nowak-Krzywańskiej powstała z miłości do architektury w 1993 r. Zespół nasz tworzą wykwalifikowani projektanci inżynierowie i architekci, którzy pobrali edukację na prestiżowych uczelniach w kraju i za granicą. Naszym priorytetem jest dostarczenie wysokiej jakości projektów, dzięki oryginalnym i inteligentnym rozwiązaniom. Wraz z Klientem opracowujemy indywidualny plan, [&hellip;]" />
<meta property="og:url" content="https://proelbup.pl/?page_id=150" />
<meta property="og:site_name" content="⬤PROEL Biuro Usług Projektowych Elżbieta Nowak-Krzywańska" />
<meta property="article:modified_time" content="2021-12-07T02:58:43+00:00" />
<meta name="twitter:card" content="summary_large_image" />
<meta name="twitter:label1" content="Szacowany czas czytania" />
	<meta name="twitter:data1" content="2 minuty" />
<script type="application/ld+json" class="yoast-schema-graph">{"@context":"https://schema.org","@graph":[{"@type":"WebSite","@id":"https://proelbup.pl/#website","url":"https://proelbup.pl/","name":"\u2b24PROEL Biuro Us\u0142ug Projektowych El\u017cbieta Nowak-Krzywa\u0144ska","description":"Biuro Us\u0142ug Projektowych","potentialAction":[{"@type":"SearchAction","target":{"@type":"EntryPoint","urlTemplate":"https://proelbup.pl/?s={search_term_string}"},"query-input":"required name=search_term_string"}],"inLanguage":"pl-PL"},{"@type":"WebPage","@id":"https://proelbup.pl/?page_id=150#webpage","url":"https://proelbup.pl/?page_id=150","name":"O nas - \u2b24PROEL Biuro Us\u0142ug Projektowych El\u017cbieta Nowak-Krzywa\u0144ska","isPartOf":{"@id":"https://proelbup.pl/#website"},"datePublished":"2021-12-07T02:33:22+00:00","dateModified":"2021-12-07T02:58:43+00:00","breadcrumb":{"@id":"https://proelbup.pl/?page_id=150#breadcrumb"},"inLanguage":"pl-PL","potentialAction":[{"@type":"ReadAction","target":["https://proelbup.pl/?page_id=150"]}]},{"@type":"BreadcrumbList","@id":"https://proelbup.pl/?page_id=150#breadcrumb","itemListElement":[{"@type":"ListItem","position":1,"name":"Home","item":"https://proelbup.pl/"},{"@type":"ListItem","position":2,"name":"O nas"}]}]}</script>
<!-- / Yoast SEO plugin. -->

O nas - ⬤PROEL Biuro Usług Projektowych Elżbieta Nowak-Krzywańska

PROEL BIURO USŁUG PROJEKTOWYCH jako pracownia autorska Architekt Elżbiety Nowak-Krzywańskiej powstała z miłości do architektury w 1993 r. Zespół nasz tworzą wykwalifikowani projektanci inżynierowie i architekci, którzy pobrali edukację na prestiżowych uczelniach w kraju i za granicą. Naszym priorytetem jest dostarczenie wysokiej jakości projektów, dzięki oryginalnym i inteligentnym rozwiązaniom. Wraz z Klientem opracowujemy indywidualny plan, [&hellip;]

⬤PROEL Biuro Usług Projektowych Elżbieta Nowak-Krzywańska

Biuro Usług Projektowych
